- 21. Let v(q) = -21*b(q) - 5*z(q). Let l be 8/((-4)/2) + 0. Let j be (2/(-4))/(2/l). Give v(j).
-6
Let p(u) = 2*u**3 - 2. Let m = -20 - -26. Suppose -5*v + 4 + m = 0. Determine p(v).
14
Let i(j) be the third derivative of -j**4/12 - j**3/6 - 10*j**2. Calculate i(-6).
11
Suppose 0 = -2*m - m. Let z be m/(-1 + 1 - 2). Suppose 0 = -g - z + 5. Let r(j) = 2*j - 7. Give r(g).
3
Let p(z) = z**2 + z + 1. Let c(n) = 8*n - 4. Let j(h) = -c(h) + p(h). Give j(7).
5
Let n(q) = 3*q**3 - q**2. Let d be n(1). Suppose -5 = 3*p + f, -3*p + 3*f + 5 = d*f. Let k(b) = -b + 3 + 6 + 0*b. Calculate k(p).
9
Let d(f) be the first derivative of -2*f**4 - 2*f**3/3 - f**2 - f + 3. Let q be (-6)/(-1 + 1/(-2)). Suppose 5*s + q = s. Give d(s).
7
Let a(c) be the first derivative of 3/2*c**2 - 1/3*c**3 + 3 + 2*c. Give a(2).
4
Let b(y) = -y + 4. Let k be 0/(3 - (0 + 2)). Suppose 2*s + 3*a + 12 - 27 = k, -s + 8 = 2*a. Let l be b(s). Let t(j) = j**2 + 4*j + 3. Give t(l).
-1
Suppose z + 2 = 4. Let m(k) = -k**3 + 2*k**2 - 5*k + 5. Let o = 6 - 5. Let v(c) = c**3 - c**2 + c - 1. Let h(a) = o*m(a) + 2*v(a). Determine h(z).
5
Let r(a) = 4*a + 0 + 6 - 5*a - 7*a. Let h(o) = o - 1. Let p = -1 + 2. Let k(x) = p*r(x) + 4*h(x). Calculate k(2).
-6
Let v = -11 - -15. Suppose v*i + 4*c - 14 = 2*i, -4*i + 16 = 2*c. Let o(r) be the third derivative of r**6/120 - r**5/15 + r**4/6 - r**3/3 + 5*r**2. Give o(i).
1
Let j(q) = q - 7. Let l(p) = -p**2 - 1. Let x(g) = 6*g**2 + 4*g + 1. Let v(r) = 5*l(r) + x(r). Let z be v(-6). Let w = -3 + z. What is j(w)?
-2
Suppose 2*o = -o + 3. Suppose -3*p = 2*p - 15. Suppose p*x - z - o = 2*x, 4*x - 4 = -2*z. Let m(u) = -u - 1. Calculate m(x).
-2
Let j(p) = -2*p - 4. Let o(q) = q + 1. Let d(c) = -j(c) - 3*o(c). Calculate d(-2).
3
Let k be 3 + (-1 + 0)*-3. Let v(f) = -f**2 - k*f + 1 + 6*f**2 + 2*f - 4*f**2. What is v(5)?
6
Let n = -18 - -2. Let c be (3/(-6))/(2/n). Let k(g) = -g - 5 - 2*g**2 + 3*g**2 - 3*g. Determine k(c).
-5
Let o(i) = -i - 6. Let w = 11 + -11. What is o(w)?
-6
Let j(b) = -7*b**2 - b - 1. Suppose 0 = -2*s + 5*x + 20, -5*x + 17 = 7. Let u(y) = -y**2 - 9*y - 2. Let w be u(-9). Let k be w/(-10) + (-18)/s. Determine j(k).
-7
Let b(l) be the third derivative of l**5/30 - l**4/24 + 3*l**2. Suppose -3*t - 21 = -0*t. Let w = -6 - t. Calculate b(w).
1
Let s(x) be the second derivative of x**4/12 - x**3 - 3*x**2/2 - x. Suppose -34 + 9 = -5*i. Calculate s(i).
-8
Let p(s) = s**3 - 3*s**2 - 3*s - 2. Let i be p(4). Suppose i*h = -0 - 2. Let z(b) = 7*b**2 - b. Determine z(h).
8
Let a(b) = 2*b**2 - 2 + 3 + 7*b + 4*b**2 - 5*b**2. Let g be a(-7). Let j(s) = 7*s**3 + 2*s**2 - 2*s + 1. Give j(g).
8
Let n(o) = -o**3 - 2*o**2 + 2*o + 3. Let y be ((-36)/20)/(-3)*-5*1. Determine n(y).
6
Let y(o) = o**2 - 6*o - 4. Suppose -2 + 8 = -2*a, 0 = 2*q - 5*a - 29. Let z be y(q). Let m(l) be the second derivative of -l**3/6 - 2*l**2 - 4*l. Give m(z).
-7
Let n(k) be the first derivative of k**2/2 - 9*k - 4. Let z be 1/4 - 45/(-12). Calculate n(z).
-5
Let u(q) = -q**2 - 3*q + 7. Suppose -10*g - 34 - 16 = 0. Give u(g).
-3
Let g(d) = -3*d**2 + 2*d + 3. Let h = -76 - -79. Calculate g(h).
-18
Let b = 4 - 1. Let s = -1 - b. Let u(h) = -h**2 - 2*h + 1. Give u(s).
-7
Let m(q) be the first derivative of q**3/3 + q**2/2 - q - 8. What is m(-3)?
5
Let w = 1 - -4. Suppose 4*h = 20, w*r - 8 = 4*h - 3. Suppose 2*s = -2*a + a - 2, -r*s + 17 = -3*a. Let c(m) = 6*m**3 - m**2 + m. Determine c(s).
6
Suppose 0 = -4*t + 4*d - 16, 4*t + 18 = -0*d + 3*d. Let i = 11 + t. Let n(j) = j**3 - j**2 - 4*j**2 - 1 - 3. Determine n(i).
-4
Suppose 4*v = 8*v - 20. Suppose -v*n + 14 = -1. Let a(k) = k**3 - 2*k**2 - 4*k - 1. Determine a(n).
-4
Let o(r) = -r**2 - 6*r - 3. Suppose g = 2*v + 6, 0 = 5*v - 3*v - 5*g - 2. Determine o(v).
5
Let o(h) = 2*h**2 - h. Let y(m) = -5*m**2 + 3*m - 1. Let n(q) = 8*o(q) + 3*y(q). What is n(-3)?
3
Let f = 5 + -3. Let n(t) = -4*t + 6*t**2 - 2*t**3 + 4 - t**3 + f*t**3. What is n(5)?
9
Suppose -9 = -o - 2*u - 2*u, -48 = 4*o - 5*u. Let n(r) = -r - 10. Calculate n(o).
-3
Let q(s) = -5*s + 8. Let v(p) = 4*p - 7. Let c(u) = -6*q(u) - 7*v(u). Let y(z) = 3*z + 3. Let f be y(-2). Calculate c(f).
-5
Let k(u) be the second derivative of -1/3*u**4 + 0 + 1/20*u**5 + u - 3/2*u**2 - 1/6*u**3. What is k(4)?
-7
Let l(p) be the first derivative of -p**3/3 + 3*p**2/2 + 5*p + 1. Determine l(4).
1
Let c(q) be the third derivative of -q**6/120 - q**5/60 + q**4/12 - q**3/2 + 4*q**2. Determine c(2).
-11
Let q(y) = -y**2 + 8*y + 4. Let i be q(8). Let a(w) = -w**2 + 4*w - 5. Give a(i).
-5
Let r(w) be the third derivative of -w**5/60 + w**4/4 - w**3/6 + 3*w**2. Calculate r(6).
-1
Suppose -1 = -4*b - 2*j + 21, 16 = 2*b - 4*j. Let c(l) = 0*l - 4 + b - 1 - 2*l. What is c(4)?
-7
Let p = 5 + -3. Suppose p*c - 2 + 0 = 0. Let m(t) = -4 - t + c + 2. What is m(4)?
-5
Let d(t) be the third derivative of t**5/60 + t**4/24 + t**3/2 - 27*t**2. Determine d(-3).
9
Let b(z) be the first derivative of z**4/4 - z**3 - 3*z + 18. What is b(3)?
-3
Let q(j) = -7*j**3 + 1. Let g = 14 - 4. Suppose 0 = g*d - 6*d - 4. Calculate q(d).
-6
Let q(p) = p**2 + 6*p + 4. Let y(k) = k**2 + 6*k - 7. Let b be y(-9). Suppose 5*i + 5 = -b. Determine q(i).
-1
Suppose -4 = -0*f - 2*f. Let w(t) = f*t**2 - 3 + 6*t - 3*t + 2. Give w(-3).
8
Let w(s) be the second derivative of -s**4/12 + 4*s**3/3 + 3*s**2/2 + 2*s. Calculate w(7).
10
Let q(l) = 2*l - 4*l - 3*l + 3 + l. Suppose -4*m = -0*m - 8. Let f be q(m). Let o(z) = z**2 + 5*z + 5. What is o(f)?
5
Suppose 0 = -0*x + 3*x. Let v(j) = j - 7. Let s be v(9). Let c(k) = k**2 + 0 - 1 + 0*k**s. What is c(x)?
-1
Suppose 0 = -0*h + 2*h - 4. Let y(r) = -9*r**2 - r - 4 + 6 + 12*r**2 - 2*r**3. Calculate y(h).
-4
Let a(f) = f**2 + 3*f**2 + 1 + 6*f - f**3 + 0. Suppose 2*o = -3*d - 17, -o - d - 1 = 3*d. Let p = -8 - o. Calculate a(p).
6
Let y(x) = -6 + 3 - 8 + 14 - 2*x. What is y(-6)?
15
Suppose o = s + 3 + 1, s + 8 = 3*o. Let h(d) be the second derivative of -d**5/10 + d**3/3 + d**2/2 - d. Determine h(o).
-11
Let g(z) = 140*z - z**2 + 2*z**2 - 144*z - 1. Calculate g(4).
-1
Let z(h) = 6*h**3 + h**2 - 1. Suppose 8*u + 1 + 7 = 0. Give z(u).
-6
Let q(x) = -36 + 35 + 3*x + 2*x. Determine q(1).
4
Suppose a = -4, -8*p + 4*p - 2*a = 8. Let j = p - 5. Let g(n) = -n**3 - 6*n**2 - 4*n - 6. Calculate g(j).
-11
Let d(v) = -v**3 + 7*v**2 - 5*v - 8. Let m be (6/(-3) + 8)*1. Determine d(m).
-2
Let w(z) = -5*z + 1. Let q be w(0). Let d(r) = 22*r**2 + 2*r - 1. Calculate d(q).
23
Suppose -4*i + 2*i - 8 = 0. Let g be (-20)/15 + (-6)/9. Let z = i - g. Let q(n) = n + 1. Give q(z).
-1
Let t(x) be the second derivative of -x**3/3 - 7*x**2/2 - 4*x. Let g = 16 + -22. Determine t(g).
5
Suppose 3*t + 2 = r + 7, -5*t = 5*r - 15. Let q be 99/(-18) - r/(-2). Let j be -6 + (-1 - (q - -3)). Let i(g) = -2*g - 2. Give i(j).
8
Let h(t) = 5*t**3 + 7*t**2 - 8*t + 9. Let r(k) = k**3 + 2*k**2 - 2*k + 2. Let i(a) = 2*h(a) - 9*r(a). Give i(4).
8
Let b(s) = s + 1. Suppose -5*l - 2*i + 27 = 0, -3*l + 3*i = -2*i - 10. Suppose 0*q + 35 = l*q. Suppose 5*f = -q - 3. Give b(f).
-1
Suppose 5*m + g + g - 21 = 0, 5*g + 20 = 2*m. Let k(i) = -i**2 - i + 6 + i - m. What is k(2)?
-3
Let x(p) be the first derivative of -p**3/3 - 5*p**2/2 + 8*p - 1. Let f = 163 - 170. Give x(f).
-6
Let l be -1 - 2 - (1 + -14). Suppose -4*x = 4*h + l + 6, 4*x + 8 = 4*h. Let u = x - -3. Let s(g) = g**3 - g**2 - 6. Determine s(u).
-6
Let b(r) = 23*r - 8. Let d(s) = -8*s + 3. Let m(l) = -4*b(l) - 11*d(l). Suppose 4*j - 7*i = -2*i - 12, 0 = -4*j + 2*i. Calculate m(j).
-9
Let u(j) be the second derivative of j**4/12 - 5*j**3/3 + j**2 - j + 2. What is u(9)?
-7
Let x(r) be the third derivative of -r**9/60480 - r**8/6720 + r**7/1260 + r**5/15 + 5*r**2. Let a(z) be the third derivative of x(z). Calculate a(-4).
0
Let j(x) be the first derivative of -x**3/3 - 5*x**2/2 + 6*x + 2. Give j(-6).
0
Let n be (4/(-5))/(2/(-5)). Let z(f) = 4*f**3 - 4*f**2 - 7*f + 3. Let m(t) = t**3 - t**2 - t. Let k(u) = -5*m(u) + z(u). Calculate k(n).
-5
Let o(u) be the third derivative of 0*u + 3*u**2 + 0 + 1/3*u**3 + 1/24*u**4. Let j be 1/((-3)/2)*3. Calculate o(j).
0
Let d(a) = 4*a - 7*a + 4*a - 9. Calculate d(11).
2
Let v(b) = 2 - 4 - 1 + 2. Let r(q) = q - 1. Let y(a) = r(a) - 2*v(a). Calculate y(-3).
-2
Let c(g) = g**3 -